of o(-5)?
1
Let r = -13 - -12. Let i(q) = 5*q**2. Let f be i(r). Suppose -2*t - 131 = -4*h - 47, f*t = 0. What is the units digit of h?
1
Let l be ((-552)/20)/((-4)/(-10)). Let p = l - -174. What is the units digit of p?
5
Let w(h) = 4*h - 5*h**2 + 7*h**2 - 3*h**2. Let a be w(4). Suppose 3*y + 5*p = 134, -4*y - 3*p + a*p + 164 = 0. What is the units digit of y?
8
Suppose 183 = q + 28. What is the tens digit of q?
5
Let d = -3 - -7. Suppose d = 2*k - 4. Let i(p) = p**2 + 3. What is the tens digit of i(k)?
1
Let j be (0 - -1) + 0 + 28. Let w be (-178)/(-4) - ((-4)/8)/(-1). Let k = w - j. What is the units digit of k?
5
Suppose -2*d - 32 = 2. Let t = -7 - d. What is the units digit of t - -17 - 4/1?
3
Suppose 3*l - l - 5*n + 12 = 0, -5*l - n + 24 = 0. Let u be 1*(0 + l + 3). What is the units digit of (1 - -1)*(1 + u)?
6
What is the thousands digit of 6165/(-30)*88/(-12)?
1
What is the units digit of 111 - 113 - (-1 - 2068/2)?
3
Suppose -3*y + 6829 = 3*p - 1643, 11278 = 4*y - 5*p. What is the thousands digit of y?
2
Let x(p) = -p - 2. Let b be x(-2). Suppose b = 6*o - 263 - 301. What is the units digit of o?
4
Let f = 9 + -11. Let o(k) = -3*k**3 - 2*k**2 + 1. What is the tens digit of o(f)?
1
Let m be (1/1)/(4/12). Let z be -2 + 73 + m + 0. Suppose 0 = -4*x + z - 26. What is the tens digit of x?
1
Let r(h) = -h**3 + 10*h**2 + 13*h - 5. Let j be r(11). Suppose -x + m - 3 = -j, 36 = 2*x + 2*m. Let g = x - -6. What is the units digit of g?
2
What is the hundreds digit of 4/4*753 + 4 - 1?
7
Suppose 0 = 5*g + 5, 1843 = 2*n - 3*g - 3590. What is the thousands digit of n?
2
Suppose 2*y + 2 + 46 = 4*x, -y = x + 39. Let f = y + 110. What is the tens digit of f?
7
Let z(p) = -32*p + 1. Let k be z(1). Let i be (7/(-2))/(-7) + 2233/(-22). Let r = k - i. What is the tens digit of r?
7
Let h = 1370 - -1221. What is the thousands digit of h?
2
Let f = 3 + 0. Suppose 0 = -5*d + 4*i + 10, d - 8 = -3*d - f*i. Suppose 0 = -5*q + 25, -5*r - 2*q = d*q - 305. What is the tens digit of r?
5
Suppose -i + z = -1476, -2937 = 13*i - 15*i - z. What is the units digit of i?
1
What is the hundreds digit of -6*1320/(-9) - (-1 - 6)?
8
Suppose 0 = 9*o - 13241 + 155. What is the tens digit of o?
5
Suppose s - 5 = 1. Suppose s*h - 86 = 4*h. What is the tens digit of h?
4
Let m be 6 + (54 - (6 - 1)). Suppose 3*a + q + 43 = 0, -4*a + 3*q - 4*q = 58. Let l = m + a. What is the tens digit of l?
4
Let o = 80 + -324. Let m = -162 - o. What is the units digit of m?
2
Suppose -2*s + 3*v = 125, 2*s - 6*s = -2*v + 238. Let t = -50 - s. What is the units digit of t?
8
Let f be (-1)/3 - 196/6. Let l be 3/(-6)*2*61. Let y = f - l. What is the tens digit of y?
2
Let g = -5342 - -11668. What is the units digit of g?
6
Let m = -15 + 13. Let z be m*((-217)/(-2))/7. Let o = 72 + z. What is the units digit of o?
1
Suppose 0 = -4*i - 4, -4*q = -9*i + 4*i - 57. Suppose q*l - 8*l - 255 = 0. Suppose l = 5*x - 2*x. What is the units digit of x?
7
Suppose 6*y - 2*a + 144 = 5*y, 3*a - 699 = 5*y. Let h = y - -219. What is the units digit of h?
1
Let z(r) = r**2 - 9*r + 15. Let q be z(7). Let s be (-1)/((-4)/(-48)*q). What is the tens digit of (-130)/(-8) - s/(-48)?
1
Suppose d - 4*w - 8 = -1, 17 = -d - 2*w. Let h(u) be the third derivative of -u**6/120 - 2*u**5/15 + u**4/3 + 2*u**2. What is the units digit of h(d)?
9
Suppose 3*g = -2*v + 4358, 14*v = -g + 9*v + 1457. What is the hundreds digit of g?
4
Suppose 0 = -3*b - 4*m + 1133, 5*m + 65 - 428 = -b. What is the tens digit of b?
8
Suppose c - 1 = 2*j, -j = -0*j + 3*c - 17. Let x = 365 - 372. What is the units digit of 2 - (x + j - -2)?
5
Let v be ((-54)/(-24))/(-1*9/(-1896)). What is the hundreds digit of (-9)/(-18) + v/4?
1
Let q(h) = -6*h**2 - 6*h + 6. Let u(j) = 4*j**2 + 4*j - 4. Let l be (-32)/(-8)*10/8. Let p(i) = l*q(i) + 8*u(i). What is the tens digit of p(-3)?
1
Let b = -16 - -20. Suppose b*l - 4*i + 152 = -2*i, -l - i - 35 = 0. Let z = l + 74. What is the tens digit of z?
3
Let a(l) = 5*l**2 + 2*l + 2. Let n be 1*(1 - 0)*-1. Let m be a(n). Suppose -3*r = h - 16, -5*h - m*r - 8 + 78 = 0. What is the tens digit of h?
1
Let m(x) = 8*x - 15. Let h(d) = d**3 - 5*d**2 - 8*d + 2. Let r be h(7). Let v be 3/2 - r/(-8). What is the units digit of m(v)?
1
Let n = 8720 - 5252. What is the units digit of n?
8
Let p(c) = -17*c - 31. Let x be p(-2). What is the hundreds digit of (-9 + 12)*18*x?
1
Suppose -o - 1 + 1 = 0. Suppose -b + 61 + 36 = o. What is the tens digit of b?
9
Let w = -84 - -127. Suppose 2*z = -3*g + 108, -2*g - 5*z + w + 40 = 0. What is the tens digit of g?
3
What is the hundreds digit of 0 + 5 + 1 + 1431 + -4?
4
Let v be 74/(-4) + (-8)/(-16). What is the units digit of 150 - (50/v - 14/63)?
3
Let c be 8/(-20)*-5*1. Let w = c + 45. What is the tens digit of w?
4
Suppose 5*d = 5*u - 6595, -3*u = -12*d + 11*d - 3959. What is the tens digit of u?
2
Let i(y) = -4*y**3 + 3*y**2 - 2*y + 3. Let p be i(2). Let q = -68 + 54. Let f = q - p. What is the units digit of f?
7
What is the tens digit of (19 + -8 - 12)*-2341?
4
Let p(j) = 4*j**3 - 8*j**2 + 5*j + 3. What is the hundreds digit of p(5)?
3
Let x = -111 - -136. Suppose 384 = -21*q + x*q. What is the tens digit of q?
9
Suppose 3*b = 1139 + 70. What is the tens digit of b?
0
Let l(g) = g**3 - 14*g**2 - 13*g + 1. Let k be (-8)/(-28) - (-666)/21. Suppose 0 = 4*u - k - 28. What is the tens digit of l(u)?
3
What is the units digit of (5 - 8)*3579/(-9)?
3
Suppose y = 3*w - 316 + 1653, -4*y = -5*w - 5341. What is the thousands digit of y?
1
Let o(y) be the second derivative of -y**3/3 - 6*y. Let s be o(-3). What is the units digit of (-4)/(-2 + s) + 14?
3
Suppose 4 = s - 4*u, 53*u - 49*u = 5*s - 20. What is the units digit of s?
4
Let s = -2468 + 4269. What is the thousands digit of s?
1
Suppose 0 = 12*t - 591 - 2133. What is the units digit of t?
7
Suppose 2 = -2*f + 14. Suppose f*i + 392 = 110. Let p = 3 - i. What is the tens digit of p?
5
Let b = -27 - -36. Let i(r) = r**3 - 10*r**2 + 9*r + 2. Let z be i(b). Suppose 0 = p - 5*y - 25, -3*p + 19 = z*y - 3*y. What is the units digit of p?
5
Suppose -6*z = -z + 40. Let x = 7 + z. What is the units digit of (-1)/((4/68)/x)?
7
Suppose 3*o - 1816 - 1253 = 0. What is the hundreds digit of o?
0
Suppose t = -4*c + 3*c + 367, -20 = -5*c. What is the units digit of t?
3
Let c(f) = 35*f + 2907. What is the units digit of c(0)?
7
Let h(i) = i - 41. Let m(o) = o - 27. Let l(d) = -5*h(d) + 8*m(d). Let v = 2 - -3. What is the units digit of l(v)?
4
Let c be 618/39 + (-6)/(-39). Suppose -20*n + c*n = -8. What is the units digit of n?
2
Suppose 44*j - 60682 + 23326 = 0. What is the tens digit of j?
4
What is the hundreds digit of (0 - 393/(-4))/((-495)/(-11220))?
2
Let c be (1 - 0)/((-5)/30). What is the units digit of (-374)/c - 5/15?
2
Let v(l) = l**2 - l - 2. Let b be v(-2). Suppose -3*c + 2 + b = 0. Suppose c*f = -2*g + 24, 3*f - 41 = -0*g + 2*g. What is the tens digit of f?
1
Let d(u) = -518*u - 22. What is the units digit of d(-4)?
0
Let y = 76 + -72. Suppose 3*m = -2*m + 2*d + 1317, -d - 1056 = -y*m. What is the tens digit of m?
6
Let s = 18 + -14. Suppose -37 = s*v + 103. What is the units digit of (-2 + 2)/1 - v?
5
Let v = -79 + 728. What is the hundreds digit of v?
6
Let l(j) = 9*j + 3*j - 7*j - 11. What is the units digit of l(14)?
9
Let v(m) = 3*m - 2. Let z(w) = 7*w - 4. Let d(n) = -9*v(n) + 4*z(n). Let q be d(0). What is the units digit of ((-1)/3)/(q/(-18))?
3
Let j(t) = 648*t**2 + 8*t - 7. What is the tens digit of j(1)?
4
Suppose 11*t = 5*t + 150. Suppose -2*p - 1 + t = 0. What is the units digit of p?
2
Suppose 2*a + 168 = -3*a + k, -a - 5*k = 44. Let b = -4 - a. What is the units digit of b?
0
Let q be (-16)/(-10)*25/10. What is the units digit of q/(4 + -8)*-25?
5
Suppose 4*q + 236 = 1844. Suppose 2*v + 4*r - q = 0, 3*r + 174 - 786 = -3*v. What is the hundreds digit of v?
2
Suppose 0*s + 2*s = v + 159, -5*v - 410 = -5*s. What is the units digit of 1 + -3 + s - 1/1?
4
Let k be (-5)/(-40)*-10*-4. Let m(x) = x - 3. Let d be m(k). Suppose d*c - 48 = c. What is the units digit of c?
8
Let w(u) = 3*u**2 + 2*u - 2. Let j be w(-3). Let v = -8 - j. Let a = 0 - v. What is the units digit of a?
7
Let g(x) = -11*x**3 + x**2 + 4*x + 2. What is the tens digit of